 of j?
6
Let o(g) = -2*g**3 - 9*g**2 - 11*g + 10. What is the hundreds digit of o(-6)?
1
Let o = -22 - -26. What is the units digit of 149 - (4 + o/(-2))?
7
Let s be (-102)/(-30) + 4/(-10). Suppose n + 4*y = s*n - 12, -2*n = -5*y - 14. Suppose v + 3*r - 7 = 2*r, -v + n*r = -22. What is the tens digit of v?
1
Suppose 0 = -5*o + 4*f - 3 + 9, 5*f = -o + 7. Let j = 73 - -3. Suppose 4*u - j = -4*d, -o*d = -1 + 3. What is the tens digit of u?
2
Let a(z) be the first derivative of z**4/4 + 10*z**3/3 - z**2/2 + 3*z + 15. What is the units digit of a(-9)?
3
Suppose -35 = -2*r - 3*r. Let m(u) = u**3 - 12*u**2 - 8. Let t(k) = -2*k**2 + k - 1. Let j(c) = m(c) - 3*t(c). What is the tens digit of j(r)?
2
Suppose -3209 = -3*k - 410. What is the tens digit of k?
3
Suppose -14*k + 12407 + 3777 = 0. What is the thousands digit of k?
1
Let p = 386 - 0. What is the hundreds digit of p?
3
Let y be -2 + 4 + 0/3. Suppose -18 = -4*u + y, -5*u = -2*o + 7. What is the units digit of 52/(-6)*(-24)/o?
3
Suppose -9*c = -3*c - 288. Let x = c - 41. What is the units digit of x?
7
Let v(h) = 2*h - 62. Let z(c) = c - 25. Let k(i) = -5*v(i) + 12*z(i). Suppose -8*g + 44 = -12. What is the units digit of k(g)?
4
Suppose -76 - 460 = -4*r. What is the tens digit of r?
3
Suppose 2*j - 9 = -3. Suppose -5*g + 32 + 319 = 3*r, r = -j*g + 113. What is the tens digit of r?
2
Let a = 41 - 16. Suppose -3*b + 2*q + 22 = 0, q = 6*b - b - a. Suppose 5*y - 157 + 44 = b*c, 3*y - 3*c = 66. What is the tens digit of y?
2
Let b(p) = -4*p + 1. Let q be b(-6). Let h = -52 + q. What is the tens digit of -60*(h/(-6))/(-9)?
3
Let v(n) = 5*n**2 - n - 4. Let f(w) = w - 5. Let y be f(10). What is the units digit of v(y)?
6
Suppose 4*p - 77 = 259. Let x = p + 117. What is the hundreds digit of x?
2
Let n = -1225 + 1998. What is the tens digit of n?
7
Suppose 4*t + 1 = -3*j + 4, -4*j = -3*t + 21. What is the tens digit of j/(-3 - 222/(-75))?
7
Let s(x) = -60*x**3 + 2*x**2 - 15*x - 38. What is the tens digit of s(-3)?
4
Suppose -29 - 31 = -2*t. Let b be (-2)/3*t/(-10). Suppose 3*u - 236 = b*w, 2*w = -2*u + 3*w + 158. What is the tens digit of u?
8
Suppose -9*m + 30*m - 13104 = 0. What is the hundreds digit of m?
6
Suppose -a + 6 - 44 = 4*y, 5*a = -2*y - 118. Let u = a + 36. What is the units digit of (-104)/(-6) - u/(-21)?
8
Suppose -3*r - 309 = x + 2*x, 4*r = -2*x - 412. Let d = -63 - r. Suppose 7*u - 9*u = -d. What is the units digit of u?
0
Suppose -9 = -17*h + 14*h. Suppose h*j = -4*t + 5*j + 418, -4*j = 4*t - 424. What is the tens digit of t?
0
Let o = -110 + 34. Let w = o - -205. What is the tens digit of w?
2
Suppose -6 = -c - 5. Let p be (11 - -5) + (-2 - c). Let k = p - -2. What is the tens digit of k?
1
Let g(a) = a**3 - 2*a**2 + 3*a - 3. Let l be g(2). Let u(j) = -4*j**2 + 4 - l + 2*j + j**3 + 6 - 5*j. What is the tens digit of u(5)?
1
Let k = 5 - 7. What is the units digit of (k - -17) + 0 + -2?
3
Let b = -54 + 56. Suppose -108 = -4*g + g + m, 4*m + 82 = b*g. What is the tens digit of g?
3
Let v(k) = 3*k**2 - 5*k - 13. Let o(j) = -4*j**2 + 5*j + 14. Let b(i) = -4*o(i) - 5*v(i). What is the tens digit of b(-6)?
1
Let n(u) = 5*u**3 + 9*u**2 + 4*u + 16. Let r be n(-8). What is the units digit of r/(-11) + (-6)/(-33)?
2
Suppose -2*r - 1234 = -2*j - 412, 0 = -3*r + 15. What is the hundreds digit of j?
4
Suppose -5*x = -0*x + 5*r + 35, -2*x + 4*r = -16. Let t be -2*(2 + 3/x). What is the units digit of (-35 + -1 + -1)/t?
7
Suppose f + f - 26 = 0. Let o be ((-94)/4)/(4/(-8)). Let w = o - f. What is the units digit of w?
4
Let f(h) = 6*h**2 + h + 1. Let y be f(-1). Let p(x) = 7*x + 13. What is the tens digit of p(y)?
5
Suppose 8847 = -4*h + 13*h. What is the tens digit of h?
8
Let m be (-646)/(-9) + (-6)/(-27). Suppose -52 = 70*h - m*h. What is the tens digit of h?
2
Suppose k - 5 = -4, -4*j + 4675 = -k. What is the tens digit of j?
6
What is the hundreds digit of (6700/6 - -3) + 4/(-6)?
1
Let c be (-9)/6*24/(-9). Suppose 0 = -7*r + c*r + 174. Suppose -x = 4*x + 2*k - r, 5*x = -3*k + 62. What is the tens digit of x?
1
Suppose -4*o = -4*j + o - 15, 0 = 4*j - 3*o + 9. Suppose w + 3*w - 52 = j. What is the tens digit of (-314)/(-13) - 2/w?
2
Let i(b) = -3*b - 5. Let r be i(-5). Let w = r - 11. What is the tens digit of w/2 - (-189)/6?
3
Let b(t) = t**2 - 5*t - 5. Let q be b(-10). Suppose 0 = -143*m + q*m - 328. What is the hundreds digit of m?
1
Let c = 338 + -331. What is the units digit of c?
7
Let t(g) = g**3 + 10*g**2 + 8*g + 9. Let k be t(-9). Suppose -6 = 2*r - 2*c - k, -r = -3*c. What is the units digit of r?
9
Let k = -431 + 467. What is the tens digit of k?
3
Let s(y) = 27*y**2 + y + 2. Let r(p) = 2*p**2 + p - 1. Let f be r(1). Let g be ((-4)/f)/(7 - 5). What is the units digit of s(g)?
8
Let v(c) = 357*c + 13. What is the tens digit of v(8)?
6
Let b = -678 + 919. What is the hundreds digit of b?
2
Suppose 5*o = 33 - 13. Suppose 0 = -2*r - o*h + 162, 2*h - h + 72 = r. What is the units digit of r?
5
Let c be 2/8 + 1/(-8)*-22. Suppose 3*s = -y + 13 + 7, -4*s = -20. Suppose 0 = -2*i + 4*b - 4, y*i - 39 = 2*i - c*b. What is the units digit of i?
8
Let q(u) = -u**3 - 7*u**2 + u + 10. Suppose 8 = 2*h, h = -4*a + 2*h - 32. Let o be q(a). Suppose -o*i = -0*i - 60. What is the tens digit of i?
2
Suppose 5*q - 1250 - 230 = 0. What is the hundreds digit of q?
2
Let g = -42 + -1. Let n = g + 100. What is the tens digit of n?
5
Let c be -1 + 2 + (-66)/(-6). Let r(f) = -f**2 - 5 + c*f + 3*f - 3*f**2 + 2*f**2. What is the tens digit of r(6)?
1
Suppose 0*z - 40 = -5*z. Suppose -11 = 4*d + 5*x, 2*d + x - 3*x = z. What is the units digit of d/((21/30)/7)?
0
Let u be ((-432)/10)/(4/(-30)*1). Suppose -624 = -12*a + u. What is the tens digit of a?
7
Suppose -v - 187 + 340 = 0. What is the tens digit of v?
5
Suppose 3*w + l - 291 = w, 454 = 3*w - 2*l. What is the hundreds digit of w?
1
Let y(g) = 3*g**2 - 50*g - 29. What is the thousands digit of y(36)?
2
What is the units digit of ((-39673)/291)/(2 - (-158)/(-78))?
7
Suppose b + 49 - 153 = -x, 2*b + 5*x - 220 = 0. What is the tens digit of b?
0
Let y(j) = -52*j - 38. What is the tens digit of y(-12)?
8
Let h = 22 - 18. Suppose h*b = -g + 17, -6*b - 4*g = -2*b - 8. Suppose 5*l - 5*p - 120 = 0, -5*l - 3*p - b + 109 = 0. What is the tens digit of l?
2
Suppose 3*v = -5*y + 92, -3*v - v = 2*y - 146. Let j = v - -11. What is the tens digit of j?
5
Let a(k) = -28*k**3 + 8*k**2 + 10*k - 14. What is the thousands digit of a(-4)?
1
Let m(p) = p**3 - 2*p**2 - 3*p + 3. Let i be m(3). Suppose -k - 4 = i*k. Let q(c) = -14*c**3 + 2*c**2 - 1. What is the units digit of q(k)?
5
Let y(j) = -413*j**3 + 2*j**2 + 6*j + 7. What is the units digit of y(-2)?
7
Let p = 490 - 75. Suppose 0 = -4*a - a + p. What is the tens digit of a?
8
Let j = -1640 - -2897. What is the thousands digit of j?
1
Suppose -3*v + 1580 = 338. What is the hundreds digit of v?
4
Let y = 1848 - 1096. What is the units digit of y?
2
Let i(k) = -131*k + 124. What is the tens digit of i(-7)?
4
Let w = 263 - 164. What is the units digit of w?
9
Suppose s - 41 = -3*k, -4*k = -0 - 8. Suppose 7*h + 0*h - s = 0. Suppose d = h, 5*c - 135 = -d + 35. What is the tens digit of c?
3
Let n(w) = 1442*w**2 + 49*w - 50. What is the thousands digit of n(1)?
1
Suppose k = 7 + 104. Let i = k + -53. What is the units digit of i?
8
What is the units digit of 4/4*(-3 - -3044) - 0?
1
Let n be 48/15 - (-1)/(-5). Suppose -4*l + l + 2*r = -119, -114 = -n*l - 3*r. Suppose -5*b - 3*i + l = 0, 2*i + 2*i - 12 = 0. What is the units digit of b?
6
Suppose -3*f + 41 = -4*c, -3*c - 14 = -f + 8. Suppose 0 = 6*g - f*g + 3. Suppose 0 = -g*u - 0 + 21. What is the units digit of u?
7
Let x(p) be the first derivative of -3*p**2/2 + 20*p - 9. Let d be (-4)/6 - 2/(-3). What is the units digit of x(d)?
0
Let k be (-6)/27 - 20/(-9). Let v(o) = -2*o**2 + 0*o - k + 2*o**2 + 5*o**2 + o. What is the units digit of v(2)?
0
Let u = -13 + 1. Let k be u/(-16)*-8*1. What is the units digit of 399/9 + 2/k?
4
Let n(r) = r**2 + 10*r + 5. Let p be n(-4). Let z = p - -65. What is the units digit of z?
6
Let z be ((-546)/70 - -13) + 1/(-5). Let u(q) = -49*q. Let w be u(-2). Suppose z*r = w + 27. What is the units digit of r?
5
Let t(b) = b + 1. Let x(r) = r + 1. Let i(u) =